{"id":197,"date":"2023-06-14T06:42:22","date_gmt":"2023-06-14T04:42:22","guid":{"rendered":"https:\/\/cube-it-now.de\/?page_id=197"},"modified":"2023-06-14T07:14:26","modified_gmt":"2023-06-14T05:14:26","slug":"starface-telefonanlage","status":"publish","type":"page","link":"https:\/\/cube-it-now.de\/?page_id=197","title":{"rendered":"Starface Telefonanlage"},"content":{"rendered":"\n<div class=\"wp-block-columns is-layout-flex wp-container-core-columns-is-layout-9d6595d7 wp-block-columns-is-layout-flex\">\n<div class=\"wp-block-column is-layout-flow wp-block-column-is-layout-flow\">\n<p>Starface vereint Telefonie mit Unified Communication &amp; Collaboration (UCC) und wird so zum perfekten Mittel Deiner Gesch\u00e4ftskommunikation.<\/p>\n\n\n\n<p>Du erh\u00e4ltst beste Funktionalit\u00e4t durch eine flexible und vielseitige Plattform. Deswegen passt sich die Starface IP-Telefonanlage Deinen Bed\u00fcrfnissen an. Ob Hardware-Appliance, Virtual Machine oder Cloud-L\u00f6sung, f\u00fcr jedes Unternehmen ist hier die richtige Variante dabei.<\/p>\n<\/div>\n\n\n\n<div class=\"wp-block-column is-layout-flow wp-block-column-is-layout-flow\">\n<figure class=\"wp-block-image size-full\"><img decoding=\"async\" src=\"https:\/\/cube-it-now.de\/wp-content\/uploads\/2023\/06\/STARFACE_Assets_Medienpool_Motive_1000x1000-B.png\" alt=\"\" class=\"wp-image-190\"\/><\/figure>\n<\/div>\n<\/div>\n\n\n\n<div class=\"wp-block-columns is-layout-flex wp-container-core-columns-is-layout-9d6595d7 wp-block-columns-is-layout-flex\">\n<div class=\"wp-block-column is-layout-flow wp-block-column-is-layout-flow\">\n<figure class=\"wp-block-image size-full\"><img loading=\"lazy\" decoding=\"async\" width=\"400\" height=\"400\" src=\"https:\/\/cube-it-now.de\/wp-content\/uploads\/2023\/06\/starface-mobile-client-animation.gif\" alt=\"\" class=\"wp-image-202\"\/><\/figure>\n<\/div>\n\n\n\n<div class=\"wp-block-column is-layout-flow wp-block-column-is-layout-flow\">\n<h3 class=\"wp-block-heading\">Mobile Client<\/h3>\n\n\n\n<p>Mit dem Starface Mobile Client greifst Du von Deinem Android oder iOS Mobiltelefon auf die Telefonanlage zu. Telefoniere von Deinem Handy aus mit der Festnetznummer und f\u00fchre wichtige Funktionen wie z.B. das Weiterleiten eines Anrufes aus.<\/p>\n<\/div>\n<\/div>\n\n\n\n<div class=\"wp-block-columns is-layout-flex wp-container-core-columns-is-layout-9d6595d7 wp-block-columns-is-layout-flex\">\n<div class=\"wp-block-column is-layout-flow wp-block-column-is-layout-flow\">\n<h3 class=\"wp-block-heading\">Deine Vorteile<\/h3>\n\n\n\n<ul class=\"wp-block-list\">\n<li>Einfache Bedienung und Installation<\/li>\n\n\n\n<li>L\u00fcckenlose Integration in Deine CRM- und ERP-Systeme<\/li>\n\n\n\n<li>Flexibilit\u00e4t und Produktivit\u00e4t durch verschiedene Module<\/li>\n\n\n\n<li>Immer auf dem neuesten Stand dank kontinuierlicher Updates<\/li>\n\n\n\n<li>Made in Germany<\/li>\n<\/ul>\n<\/div>\n\n\n\n<div class=\"wp-block-column is-layout-flow wp-block-column-is-layout-flow\">\n<figure class=\"wp-block-image size-full\"><img loading=\"lazy\" decoding=\"async\" width=\"400\" height=\"336\" src=\"https:\/\/cube-it-now.de\/wp-content\/uploads\/2023\/06\/starface-appliances-turm-400x336-1.jpg\" alt=\"\" class=\"wp-image-204\" srcset=\"https:\/\/cube-it-now.de\/wp-content\/uploads\/2023\/06\/starface-appliances-turm-400x336-1.jpg 400w, https:\/\/cube-it-now.de\/wp-content\/uploads\/2023\/06\/starface-appliances-turm-400x336-1-300x252.jpg 300w\" sizes=\"auto, (max-width: 400px) 100vw, 400px\" \/><\/figure>\n<\/div>\n<\/div>\n\n\n\n<div class=\"wp-block-buttons is-layout-flex wp-block-buttons-is-layout-flex\">\n<div class=\"wp-block-button is-style-fill\"><a class=\"wp-block-button__link wp-element-button\" href=\"mailto:kontakt@cube-it-now.de\">Anfrage per E-Mail<\/a><\/div>\n\n\n\n<div class=\"wp-block-button\"><a class=\"wp-block-button__link wp-element-button\" href=\"tel:+4982132911000\">Pers\u00f6nliche Beratung am Telefon<\/a><\/div>\n<\/div>\n\n\n\n<div style=\"height:100px\" aria-hidden=\"true\" class=\"wp-block-spacer\"><\/div>\n\n\n\n<div class=\"wp-block-columns are-vertically-aligned-center is-layout-flex wp-container-core-columns-is-layout-9d6595d7 wp-block-columns-is-layout-flex\">\n<div class=\"wp-block-column is-vertically-aligned-center is-layout-flow wp-block-column-is-layout-flow\">\n<figure class=\"wp-block-embed is-type-video is-provider-youtube wp-block-embed-youtube wp-embed-aspect-16-9 wp-has-aspect-ratio\"><div class=\"wp-block-embed__wrapper\">\n<div class=\"jetpack-video-wrapper\"><iframe loading=\"lazy\" title=\"STARFACE UCC Client - Kommunikation in einer neuen Dimension erleben\" width=\"1170\" height=\"658\" src=\"https:\/\/www.youtube.com\/embed\/bxnXMzVMsiY?feature=oembed\" frameborder=\"0\" allow=\"accelerometer; autoplay; clipboard-write; encrypted-media; gyroscope; picture-in-picture; web-share\" allowfullscreen><\/iframe><\/div>\n<\/div><\/figure>\n<\/div>\n\n\n\n<div class=\"wp-block-column is-vertically-aligned-center is-layout-flow wp-block-column-is-layout-flow\">\n<figure class=\"wp-block-embed is-type-video is-provider-youtube wp-block-embed-youtube wp-embed-aspect-16-9 wp-has-aspect-ratio\"><div class=\"wp-block-embed__wrapper\">\n<div class=\"jetpack-video-wrapper\"><iframe loading=\"lazy\" title=\"STARFACE - die Telefonanlage f\u00fcr den digitalen Arbeitsplatz\" width=\"1170\" height=\"658\" src=\"https:\/\/www.youtube.com\/embed\/XySJEFKMOn4?feature=oembed\" frameborder=\"0\" allow=\"accelerometer; autoplay; clipboard-write; encrypted-media; gyroscope; picture-in-picture; web-share\" allowfullscreen><\/iframe><\/div>\n<\/div><\/figure>\n<\/div>\n<\/div>\n\n\n\n<div style=\"height:100px\" aria-hidden=\"true\" class=\"wp-block-spacer\"><\/div>\n","protected":false},"excerpt":{"rendered":"<p>Starface vereint Telefonie mit Unified Communication &amp; Collaboration (UCC) und wird so zum perfekten Mittel Deiner Gesch\u00e4ftskommunikation. Du erh\u00e4ltst beste Funktionalit\u00e4t durch eine flexible und vielseitige Plattform. Deswegen passt sich&hellip;<\/p>\n","protected":false},"author":1,"featured_media":0,"parent":0,"menu_order":0,"comment_status":"closed","ping_status":"closed","template":"templates\/template-page-full-width.php","meta":{"footnotes":""},"class_list":["post-197","page","type-page","status-publish","hentry"],"jetpack_sharing_enabled":true,"_links":{"self":[{"href":"https:\/\/cube-it-now.de\/index.php?rest_route=\/wp\/v2\/pages\/197","targetHints":{"allow":["GET"]}}],"collection":[{"href":"https:\/\/cube-it-now.de\/index.php?rest_route=\/wp\/v2\/pages"}],"about":[{"href":"https:\/\/cube-it-now.de\/index.php?rest_route=\/wp\/v2\/types\/page"}],"author":[{"embeddable":true,"href":"https:\/\/cube-it-now.de\/index.php?rest_route=\/wp\/v2\/users\/1"}],"replies":[{"embeddable":true,"href":"https:\/\/cube-it-now.de\/index.php?rest_route=%2Fwp%2Fv2%2Fcomments&post=197"}],"version-history":[{"count":5,"href":"https:\/\/cube-it-now.de\/index.php?rest_route=\/wp\/v2\/pages\/197\/revisions"}],"predecessor-version":[{"id":211,"href":"https:\/\/cube-it-now.de\/index.php?rest_route=\/wp\/v2\/pages\/197\/revisions\/211"}],"wp:attachment":[{"href":"https:\/\/cube-it-now.de\/index.php?rest_route=%2Fwp%2Fv2%2Fmedia&parent=197"}],"curies":[{"name":"wp","href":"https:\/\/api.w.org\/{rel}","templated":true}]}}